{"id":9918,"date":"2023-07-31T13:32:49","date_gmt":"2023-07-31T11:32:49","guid":{"rendered":"https:\/\/schweitzer-messtechnik.de\/?page_id=9918"},"modified":"2023-07-31T13:32:49","modified_gmt":"2023-07-31T11:32:49","slug":"impressum","status":"publish","type":"page","link":"http:\/\/relaunch.thgraef.de\/?page_id=9918","title":{"rendered":"Impressum"},"content":{"rendered":"<p>[vc_row][vc_column css=&#8220;.vc_custom_1690803158038{margin-top: 70px !important;margin-bottom: 70px !important;}&#8220;][vc_column_text]Gesch\u00e4ftsf\u00fchrender Direktor: <b>Dipl. Kaufmann \/ Wirtschaftsingenieur Florian Schweitzer<\/b><\/p>\n<p>Registergericht: Amtsgericht M\u00fcnchen<\/p>\n<p>Handelsregister Nr. HRA 104967<\/p>\n<p>Finanzamt M\u00fcnchen<\/p>\n<div>\n<p>Umsatzsteuer-Identifikationsnummer: DE 305560357<\/p>\n<p>&nbsp;<\/p>\n<\/div>\n<div><\/div>\n<hr \/>\n<p><b>Schweitzer Messtechnik GmbH &amp; Co. KG<\/b><br \/>\nBadstra\u00dfe 7<br \/>\n81379 M\u00fcnchen<\/p>\n<p>Deutschland<\/p>\n<div>\n<p>E-Mail: info@schweitzer-messtechnik.de<br \/>\nInternet: <a href=\"http:\/\/www.eschweitzer.de\" target=\"_blank\" rel=\"noopener\">www.schweitzer-messtechnik.de<\/a><\/p>\n<\/div>\n<p>[\/vc_column_text][\/vc_column][\/vc_row]<\/p>\n","protected":false},"excerpt":{"rendered":"<p>[vc_row][vc_column css=&#8220;.vc_custom_1690803158038{margin-top: 70px !important;margin-bottom: 70px !important;}&#8220;][vc_column_text]Gesch\u00e4ftsf\u00fchrender Direktor: Dipl. Kaufmann \/ Wirtschaftsingenieur Florian Schweitzer Registergericht: Amtsgericht M\u00fcnchen Handelsregister Nr. HRA 104967 Finanzamt M\u00fcnchen Umsatzsteuer-Identifikationsnummer: DE 305560357 &nbsp; Schweitzer Messtechnik GmbH &amp; Co. KG Badstra\u00dfe 7 81379 M\u00fcnchen Deutschland E-Mail: info@schweitzer-messtechnik.de Internet: www.schweitzer-messtechnik.de [\/vc_column_text][\/vc_column][\/vc_row]<\/p>\n","protected":false},"author":1,"featured_media":0,"parent":0,"menu_order":0,"comment_status":"closed","ping_status":"closed","template":"","meta":{"footnotes":""},"_links":{"self":[{"href":"http:\/\/relaunch.thgraef.de\/index.php?rest_route=\/wp\/v2\/pages\/9918"}],"collection":[{"href":"http:\/\/relaunch.thgraef.de\/index.php?rest_route=\/wp\/v2\/pages"}],"about":[{"href":"http:\/\/relaunch.thgraef.de\/index.php?rest_route=\/wp\/v2\/types\/page"}],"author":[{"embeddable":true,"href":"http:\/\/relaunch.thgraef.de\/index.php?rest_route=\/wp\/v2\/users\/1"}],"replies":[{"embeddable":true,"href":"http:\/\/relaunch.thgraef.de\/index.php?rest_route=%2Fwp%2Fv2%2Fcomments&post=9918"}],"version-history":[{"count":3,"href":"http:\/\/relaunch.thgraef.de\/index.php?rest_route=\/wp\/v2\/pages\/9918\/revisions"}],"predecessor-version":[{"id":9921,"href":"http:\/\/relaunch.thgraef.de\/index.php?rest_route=\/wp\/v2\/pages\/9918\/revisions\/9921"}],"wp:attachment":[{"href":"http:\/\/relaunch.thgraef.de\/index.php?rest_route=%2Fwp%2Fv2%2Fmedia&parent=9918"}],"curies":[{"name":"wp","href":"https:\/\/api.w.org\/{rel}","templated":true}]}}